)/z).
2
List the prime factors of 392 + (-6 - (1 + -2)).
3, 43
Let y = 21 + -34. Let t(a) = -a**3 - 14*a**2 - 15*a - 16. List the prime factors of t(y).
2, 5
Let r(s) = -s**3 + 24*s**2 + 25*s + 27. What are the prime factors of r(25)?
3
Suppose -6 = 2*m - 2*d, 0*d = -2*m - 4*d + 24. Suppose 5*g + 3*k = 63, -5*g = -2*k - k - 57. Suppose m*x - g - 6 = 0. What are the prime factors of x?
3
Let f(v) = v + 1. Let p be f(3). Let l = p + 5. List the prime factors of l*1 + (5 - 5).
3
Suppose 0 = -4*o + 3*s + 23, 6*s - 4*s - 38 = -4*o. What are the prime factors of o?
2
Let x(y) = y**2 - 9*y - 6. Let l be x(9). Let j be (-3)/l - 9/(-2). Suppose u + 7 = k - 4*u, 2*u = -j*k + 35. List the prime factors of k.
7
Let u(n) = n**2 - 5*n - 7. What are the prime factors of u(9)?
29
Suppose 4*i - 263 = 4*w - 23, -i + 45 = 4*w. What are the prime factors of i?
3, 19
Let o be -2 - -2 - (0 + 2). Suppose -3*u + 24 = -0*u. Let h = u - o. List the prime factors of h.
2, 5
List the prime factors of 4/10 + (-1359)/(-15).
7, 13
Let d(s) = -s**3 - 10*s**2 - 10*s - 3. Let b = -2 - 7. What are the prime factors of d(b)?
2, 3
Let k = 58 + 93. What are the prime factors of k?
151
What are the prime factors of -5 - (-606)/4 - (-6)/4?
2, 37
Suppose -6*h + 445 = 1. What are the prime factors of h?
2, 37
Suppose 4*f = -3*g + 2 - 33, 0 = 5*f - 3*g + 5. Let y(m) = 2*m**2 + m - 3. Let a be y(f). Suppose -3*s = -v - 26, 0*v = 5*v + a. List the prime factors of s.
7
Let o(p) = p - 3. Let k be o(5). Let a(i) = -7*i. Let j(l) = -15*l + 1. Let t(h) = 5*a(h) - 3*j(h). What are the prime factors of t(k)?
17
Suppose 4*o = -4*n, 4*o + 2*n - 9 = -o. Suppose s + o = 12. What are the prime factors of s?
3
Let h be (-3)/(-6) + 21/(-2). Let l be h/5*1*-1. Suppose -5*w = 5*n - 46 - 24, -l*n + 8 = 0. List the prime factors of w.
2, 5
Suppose 8*j = -0*j + 1680. What are the prime factors of j?
2, 3, 5, 7
Suppose 10 = 2*y + 4*v, -y = -2*y + 5*v + 12. Suppose -y*n + 2*n = -165. List the prime factors of n.
3, 11
Suppose 5*t = 3*t + 86. Suppose -4*y - 7 = -t. List the prime factors of y.
3
Let b(j) = -j**3 - 15*j**2 - j + 10. What are the prime factors of b(-15)?
5
Let j(n) = -27*n + 2. Let a be j(6). List the prime factors of a/(-28) + 6/21.
2, 3
Let w = -12 - -27. Suppose -y + 8 + w = 0. List the prime factors of y.
23
What are the prime factors of (104/20)/((-1)/(-5))?
2, 13
Let l(x) = -x**2 - 6*x + 4. Let p be l(-7). List the prime factors of 22*(2 + p/2).
11
Let i(p) = p**2 + 2*p - 5. Let k = -10 - -22. Let a = 7 - k. List the prime factors of i(a).
2, 5
Let g(c) = -2*c**2 + c. Let t be g(2). Let v be t/((-6)/39 - 0). Suppose 0 = 5*n + q - v, -2*n + q + 3*q - 2 = 0. List the prime factors of n.
7
Let f = 23 - -23. What are the prime factors of f?
2, 23
Let g = 7 + -5. Let q = 4 - g. List the prime factors of 1/q + 39/6.
7
Suppose 5*f - 798 + 158 = 0. Suppose 5*o - f = -13. Suppose -5*a + o - 3 = 0. What are the prime factors of a?
2
Let h(j) = -j**3 - j**2 - 3*j - 2. Let q be (1/(-3))/(2/(-24)). Suppose 8 = -q*y + 5*p, -4*y + 2 = -5*y + 5*p. List the prime factors of h(y).
2
Let b(s) = -4*s**3 + s**2 - s - 1. Let d be b(-1). Suppose -16 = -4*y + 5*c, -1 - 3 = -y - d*c. Suppose 3*z = 5*z, x - y*z = 12. List the prime factors of x.
2, 3
Let g(q) = q - 11. Let x = 12 - 6. Let u be g(x). What are the prime factors of (-13)/u + 2/5?
3
Let p(z) = z**3 - 2*z + 2. List the prime factors of p(3).
23
Suppose 2*f + 4*a = 5*f + 21, f - 4*a = -15. Suppose 10*s - 11*s = -2. What are the prime factors of s - ((-3)/(-1))/f?
3
Suppose 3*r = z - 74, 0 = 4*z - 2*r - 171 - 105. List the prime factors of z.
2, 17
Suppose 2*v = -3*s, 2*s + 3*s = 4*v + 22. What are the prime factors of s?
2
Let q(a) = 5*a - 12. Let h be q(8). Suppose 2*g + 2*g - h = 0. What are the prime factors of g?
7
Let s(z) = z**3 - 6*z**2 + 4*z - 6. List the prime factors of s(7).
71
Suppose 6*o = 3*o - 30. Suppose 6*s + 8 = 20. What are the prime factors of -1 + (s - (2 + o))?
3
Let d(s) = -s**2 - 8*s + 22. List the prime factors of d(-9).
13
Suppose -3*t - 5*f + 50 = 0, 0 = -5*t + 3*f - 7 + 45. Suppose -10 = -3*c - a + 10, c + a - t = 0. Suppose -4*k = -c*k + 11. List the prime factors of k.
11
Let z be (-2)/(-9) + 61/9. Suppose 3*c = z*c - 8. Suppose -10 = -2*r + c*b, 0*r = -2*r + b + 8. What are the prime factors of r?
3
Let q = -70 - -116. Let n = 79 - q. What are the prime factors of n?
3, 11
List the prime factors of (-13)/39 - 966/(-9).
107
Let n = 36 + 8. What are the prime factors of n?
2, 11
Let n(y) = -y**3 - 4*y**2 + y - 16. List the prime factors of n(-7).
2, 31
List the prime factors of (-1 - (-297)/6)/((-10)/(-40)).
2, 97
Suppose 3*s - 1119 = -3*b, -3*b - 153 = -3*s + 996. List the prime factors of s.
2, 3, 7
Suppose 162 = 3*o - 3*w, -4*o - 7*w + 184 = -3*w. List the prime factors of o.
2, 5
Let s(b) = b**3 - b**2 - b + 4. Let h be 2 - ((-12)/(-2))/3. Let o be s(h). Suppose -33 = -o*t - 5. List the prime factors of t.
7
Let o(c) = -c**2 - 6*c + 12. Let d be o(-10). List the prime factors of (-552)/d - (-2)/7.
2, 5
List the prime factors of -4*(6*-2 - (-1 - 1)).
2, 5
Let w be (-10 + 5)/(3/(-30)). What are the prime factors of 2030/w + (-3)/5?
2, 5
Suppose 2 = -3*j + j. Let x = 1 - j. List the prime factors of 2*((-35)/x)/(-5).
7
Suppose -o + 2 + 7 = 0. Suppose 2*j + r = -3, -3*j + 3*r + o = -0*j. Suppose -3*m + j*m = -63. List the prime factors of m.
3, 7
Suppose c + c - 6 = 0. Suppose -1 = -n - 5, 2*o + 4*n + 34 = 0. List the prime factors of (-75)/o + 2/c.
3
Suppose 0 = 5*a - 25, -u + 5 = a - 5. Suppose -u*k = -3*k - 40. What are the prime factors of k?
2, 5
Let j(a) be the first derivative of a**3/3 + a**2 - 3*a + 1. Suppose -5*q - 1 + 16 = 0. List the prime factors of j(q).
2, 3
Suppose -x + 0 = -5*l + 9, 0 = -5*l - 4*x + 14. Let j(g) = -l - 3*g**3 + 3*g**3 - 3*g**3 - 2*g**2 + 1. List the prime factors of j(-2).
3, 5
Suppose 5*l = 133 - 38. Let f = 13 + l. Suppose 0 = 5*c - c - f. What are the prime factors of c?
2
Suppose 5*g - 74 = 3*z - 0*z, g + 2*z - 20 = 0. What are the prime factors of g?
2
Let o(z) = 2*z**3 - 3*z**2 + 3*z - 2. What are the prime factors of o(3)?
2, 17
Suppose 0 = 5*h - 53 - 272. What are the prime factors of h?
5, 13
Let h(l) = -6*l + 4. List the prime factors of h(-4).
2, 7
Let c(m) = -8*m**2 + m - 1. Let s be c(1). Let k = s - 1. Let o = k + 16. List the prime factors of o.
7
Suppose 8*a - 11*a = -660. Suppose 0 = 2*n + 3*n - a. List the prime factors of n.
2, 11
Let x(q) = 2*q**2 + q - 2. Let i be x(-2). Let b be (2/i)/((-3)/(-6)). Let s = 6 + b. What are the prime factors of s?
7
Let k = -20 + 23. List the prime factors of k.
3
Suppose -15 = 2*v + 5*d, 0*v - v - 9 = 3*d. Let z = 2 - v. Suppose 0 = -2*x - z*x + 28. List the prime factors of x.
7
List the prime factors of (-410)/(-12) - 4/24.
2, 17
What are the prime factors of (8/1)/(64/2720)?
2, 5, 17
Let x(c) = -2*c**2 + 6*c - 2*c + c**2 + 5. Let i be x(4). List the prime factors of 34/i - (-3)/15.
7
Let d be (1 - -1) + 2 + -1. List the prime factors of (d + -4)/((-3)/51).
17
Suppose 2*d + 75 = 191. List the prime factors of d.
2, 29
Suppose 5*h + 2 = t, 3*t + 3*h - 18 - 6 = 0. Let b(q) be the first derivative of -q**4/4 + 7*q**3/3 + q**2 - 8*q + 2. List the prime factors of b(t).
2, 3
Let l(u) = -14*u + 32. What are the prime factors of l(-6)?
2, 29
Let n(t) = t**3 - 2*t**2 + 2*t - 1. Let v be n(1). Suppose 0 = -5*h - 33 + 108. Suppose -k - 4*k + h = v. List the prime factors of k.
3
Suppose 0 = -0*j - j + 1. List the prime factors of j/((-33)/36 - -1).
2, 3
Suppose 0*c = -3*c - 6. What are the prime factors of ((-1)/c)/(1/80)?
2, 5
Let z = 28 + -18. What are the prime factors of z?
2, 5
Let z = -1 - 1. Suppose 3*p = 3*n - n - 4, 28 = -3*n - 4*p. Let g = z - n. List the prime factors of g.
2
Let p = 39 - 24. What are the prime factors of p?
3, 5
Suppose 0 = -2*p - 3*p. Suppose -12 = -2*v - p. Suppose 80 = -q + v*q. What are the prime factors of q?
2
Suppose 2*u - 32 = -2*u. List the prime factors of u.
2
Let j(x) = 39*x - 6. List the prime factors of j(3).
3, 37
Let y = -5 + 7. Suppose 4*m = -2*l - 30, 3*m = y*m - 4. What are the prime factors of (-10)/(-2) - (l + 5)?
7
Suppose 41 = g + 14. List the prime factors of g.
3
Suppose 4 + 8 = 2*a. Le